) + 8 - -1. Suppose 6*i - 3*i - 262 = -4*f, 170 = 2*i + 5*f. What is the highest common divisor of i and m?
10
Let c = 122 - 1. Let t be (-80)/(-5) + -1 - 4. What is the greatest common factor of t and c?
11
Let c(d) = d**2 - 4*d + 4. Let v be c(4). Suppose 5*i = v*a + 81, i - a - 26 = -10. What is the greatest common factor of 136 and i?
17
Suppose 24 = -5*p + 174. What is the highest common factor of 75 and p?
15
Let n(o) = 2*o - 1. Let y be n(2). Let z be (0/y - -2) + 0. Suppose -3*u - 5*c + 4 = 0, z*u - 4*c = 4*u - 2. Calculate the greatest common factor of 6 and u.
3
Let n(t) = 3*t**2 + 19*t - 2. Let c be n(-7). Calculate the greatest common divisor of 36 and c.
12
Let d be ((-2)/(-3))/((-14)/(-651)). What is the highest common factor of 341 and d?
31
Suppose -5*i - 10 = 0, -4*t = -9*t + 4*i + 1058. Calculate the greatest common divisor of 42 and t.
42
Let g = 52 + -35. Calculate the highest common divisor of 34 and g.
17
Let i be 1/(-2*(-2)/48). Suppose -2*m + 225 = 5*r - 87, 5*m = -20. Let h = r + 68. What is the highest common factor of h and i?
12
Let g(t) = -t**3 - 6*t**2 - t + 5. Let j be g(-6). What is the highest common factor of j and 33?
11
Let z = 193 - 177. What is the greatest common divisor of z and 400?
16
Suppose -2*a + 25 = 3*a. Suppose 10*p = 11*p - 10. Calculate the highest common factor of p and a.
5
Suppose 3 = s + 2. Let u be (10 - 1) + (s - 2). Let t = 39 - 7. Calculate the highest common divisor of t and u.
8
Let v be -10 - (2*-1 + 2). Let t = -64 - -56. Let x be ((-12)/v)/(t/(-60)). Calculate the highest common factor of 72 and x.
9
Let r(g) be the first derivative of -g**2/2 - 8*g - 3. Let z be r(-6). Let k be 2 + (z - -4 - -30). What is the highest common divisor of k and 17?
17
Suppose 5*a - 4*v - 194 = 0, 0*a + 2*a + 4*v - 100 = 0. Calculate the highest common divisor of a and 6.
6
Let w be 1*(-2 + 2) - 0. Suppose w*o + o = 6. Calculate the greatest common factor of 6 and o.
6
Suppose 13*a + 124 - 540 = 0. Suppose 4 = -6*n + 2*n, -3*j + 2*n = -14. Calculate the greatest common factor of a and j.
4
Let l = -9 - -19. Calculate the greatest common divisor of l and 10.
10
Let v = 19 + -11. What is the highest common divisor of v and 8?
8
Suppose k = 2 + 17. Calculate the highest common divisor of k and 209.
19
Let l(c) = c**3 - 2*c**2 - 4*c. Let w be l(3). Let o be 3 - (-32 + 3) - w. Calculate the greatest common factor of 7 and o.
7
Let o be 85/(-10)*4*2. Let d = -33 - o. Calculate the highest common divisor of 14 and d.
7
Suppose 3*d + 18 - 59 = -5*n, -3*n - 4*d + 29 = 0. Calculate the highest common divisor of n and 49.
7
Suppose -2 = 4*c - 10. Suppose -c*n = -51 - 37. What is the highest common divisor of 4 and n?
4
Let q = 145 - 46. Calculate the highest common divisor of q and 11.
11
Suppose c - 13 = 14. Let x(m) = m + 20. Let i be x(-17). Calculate the greatest common factor of c and i.
3
Suppose 0 = 3*s - s - 2*q - 12, 3*s + q - 18 = 0. Let w(l) = l**3 - 5*l**2 - 6*l + 4. Let t be w(6). What is the greatest common factor of s and t?
2
Let c = -751 + 1071. Calculate the highest common factor of c and 32.
32
Suppose 3*h - q - 19 = -3*q, -4*h - 5*q = -37. Suppose -h*z + 0*z + 57 = 0. What is the greatest common divisor of 133 and z?
19
Let n = 9 - 6. Suppose -n*w + 2*l + 392 = -w, 0 = 3*w - 2*l - 591. Suppose 5*j - w = 11. Calculate the highest common divisor of 28 and j.
14
Let k(w) = -w**3 - 2*w**2 + w - 3. Let m be k(-3). Let i = -2 + 6. Let j be m + -4 + i/2. Calculate the highest common divisor of j and 1.
1
Suppose -3*g = -l + 5*l - 14, 0 = 3*l - 3*g - 21. Suppose l*n - 34 - 86 = 0. What is the greatest common factor of 36 and n?
12
Suppose c + c - t = 9, -2*t + 9 = 5*c. Suppose 2*v - 51 = -c. What is the highest common divisor of 6 and v?
6
Let v = 59 + 49. What is the highest common divisor of 12 and v?
12
Suppose 2*m = 5*x + 27, 29 = 4*m - 0*x - 5*x. Let d be 8/(-10)*10/(-4). Let t = m + d. Calculate the highest common divisor of 15 and t.
3
Let x(s) = -s**3 - 4*s**2 + 5. Let f be x(-4). Suppose -4*w + 2*k - 87 = -3*k, f*k - 41 = 2*w. Let d = w + 36. What is the highest common factor of 13 and d?
13
Let y be (-4 - (-40)/(-6))/(1/(-3)). What is the greatest common factor of y and 80?
16
Let t(g) be the third derivative of g**5/12 - g**4/6 + g**3 + g**2. Let x be t(2). What is the highest common divisor of x and 144?
18
Let x = 22 - 16. Suppose -2*p = c - 47, -3*p + 2*c - 14 = -88. What is the highest common divisor of x and p?
6
Suppose -y - 107 + 14 = -u, -4*u - 3*y = -351. Let g(z) = 8*z + 6. Let i be g(6). Suppose 4*h - i = h. What is the highest common divisor of h and u?
18
Let s(z) = z**2 + 26*z - 48. Let b be s(-28). Calculate the highest common factor of 88 and b.
8
Let p(m) = -m**2 + m + 6. Suppose 0*t = -t. Let a be p(t). Calculate the greatest common factor of 42 and a.
6
Suppose 0 = b + 3*j + 12 - 78, -208 = -4*b + 2*j. What is the highest common factor of b and 36?
18
Suppose 3*j + 2*f - 310 = 6*f, 4*j + 4*f - 460 = 0. What is the highest common factor of 10 and j?
10
Suppose -2*k = -3*k - 5*g - 5, 0 = k + g + 5. Let j = 7 + k. Calculate the greatest common divisor of 2 and j.
2
Let c be 6/(-1)*200/(-30). Let l be (3/(-5))/((-4)/c). Calculate the greatest common divisor of 12 and l.
6
Suppose -16 = 4*w, j - w - 201 = 2*w. Let o = j - 135. Calculate the greatest common divisor of 18 and o.
18
Let p = 24 + -17. Calculate the highest common divisor of p and 49.
7
Suppose 4*k - 32 = 4*v, 3*k = 2*v + 15 + 8. Let n = k + -4. What is the greatest common factor of 2 and n?
1
Suppose 0 = -5*r + 74 + 16. Let m = -12 + r. Calculate the highest common factor of m and 24.
6
Let j be (-3)/4*(-24)/(-3). Let g be (3 + -5 - j) + -1. What is the greatest common factor of 33 and g?
3
Suppose -2*m + 14 + 3 = 3*u, 0 = m + 5. What is the greatest common divisor of 99 and u?
9
Let t(n) = n**3 + 6*n**2 - 8*n + 10. Let z be t(-7). Calculate the greatest common factor of z and 17.
17
Let m(t) = t**3 + 8*t**2 - 4*t - 11. Let p be m(-8). What is the highest common divisor of 273 and p?
21
Let m be (-82)/(-6)*(7 - 1). Calculate the highest common factor of 123 and m.
41
Let t(v) = 7*v - 44. Let u be t(10). What is the highest common factor of u and 130?
26
Let z be (-5)/15 - 1085/(-15). Let h(x) = x + 3. Let i be h(6). What is the highest common divisor of z and i?
9
Let j be 3/5 + (-23)/5. Let y = j + -2. Let r = 11 - y. What is the greatest common divisor of r and 85?
17
Let j(h) = 89*h**2 + 2*h - 1. Let d be j(1). Suppose 0 = -10*m + 8*m + d. What is the highest common factor of 18 and m?
9
Suppose -3*h + 82 = -2*l, 0*l - 2*l - 142 = -5*h. What is the highest common factor of h and 120?
30
Let z = -5 - -26. Let u = 33 - 19. What is the greatest common divisor of z and u?
7
Suppose 4*b + 8 = 2*v + 2*b, -v + 3*b - 4 = 0. Let h = -8 + 8. Let s = 40 + h. What is the highest common divisor of s and v?
8
Let l be 4*(1/(-2) + 0). Let d be l + 0/1 - -6. Suppose d*b + 3*h = 31 + 58, -3*b - 4*h + 58 = 0. What is the highest common divisor of b and 13?
13
Suppose 0 = -4*y + 3*z + z + 48, 3*y + z = 24. What is the highest common divisor of 72 and y?
9
Suppose -k + 2*l + 38 = l, -5*k - l + 172 = 0. What is the highest common factor of k and 385?
35
Let o be (0 - 8 - -112)/(1 + 0). Suppose 4*c = 20, -u + 0*c = 4*c - 33. Calculate the highest common factor of u and o.
13
Suppose 5*t - 28 = -b, 2*b + t + 9 = 20. Suppose 3*r - 18 = -i, -3*i + b*r + r = -15. Let w = -8 - -11. What is the highest common divisor of w and i?
3
Let y be 4 + 0 + 2/(-1). Suppose 16 = 4*v + 4*l, -2*v + y*l = -2*l + 22. Let n be (-9 - -2*1)*v. What is the highest common factor of 1 and n?
1
Let x = 4 + -2. Suppose 0*f + f + x = 0. Let b be (f/4)/(5/(-180)). Calculate the highest common divisor of b and 12.
6
Suppose -2 = -s + 4. Let m be (-45)/s*(-32)/12. Let l be 4/(-6) - (-184)/6. What is the greatest common factor of l and m?
10
Suppose 0 = -2*g - k - 4*k + 19, 2*k = 3*g. Let r be (5*2)/g + -2. Let b(h) = h**3 - 3*h - 2. Let i be b(r). What is the greatest common divisor of 144 and i?
16
Let z = 6 + -3. Let a = 1 - 1. Suppose 4*f + 4*l - 68 = 0, 2*l + 2*l + 16 = a. What is the greatest common factor of z and f?
3
Suppose 0 = -2*w + 7*w - 10. Suppos